{"id":160,"date":"2017-10-31T16:34:26","date_gmt":"2017-10-31T15:34:26","guid":{"rendered":"http:\/\/letalent.eu\/?post_type=ufaq&#038;p=160"},"modified":"2018-02-03T16:32:54","modified_gmt":"2018-02-03T15:32:54","slug":"quel-est-linteret-pour-un-commercantprestataire-daccepter-le-talent","status":"publish","type":"ufaq","link":"https:\/\/letalent.be\/index.php\/ufaqs\/quel-est-linteret-pour-un-commercantprestataire-daccepter-le-talent\/","title":{"rendered":"Quel est l\u2019int\u00e9r\u00eat pour un commer\u00e7ant\/prestataire d\u2019accepter le Talent ?"},"content":{"rendered":"<style>div.ufaq-faq-title h4 {\r\nfont-size:1.2em;\r\n}<\/style><div  class=\"ewd-ufaq-faq-list ewd-ufaq-page-type-load_more\" id='ewd-ufaq-faq-list'>\n\n\t<input type='hidden' name='show_on_load' value='' id='ewd-ufaq-show-on-load' \/>\n<input type='hidden' name='include_category' value='' id='ewd-ufaq-include-category' \/>\n<input type='hidden' name='exclude_category' value='' id='ewd-ufaq-exclude-category' \/>\n<input type='hidden' name='orderby' value='title' id='ewd-ufaq-orderby' \/>\n<input type='hidden' name='order' value='asc' id='ewd-ufaq-order' \/>\n<input type='hidden' name='post_count' value='-1' id='ewd-ufaq-post-count' \/>\n<input type='hidden' name='current_url' value='\/index.php\/wp-json\/wp\/v2\/ufaq\/160' id='ewd-ufaq-current-url' \/>\n\t\n\t\n\t<div class='ewd-ufaq-faqs'>\n\n\t\t<div  class=\"ewd-ufaq-faq-div ewd-ufaq-faq-column-count-one ewd-ufaq-faq-responsive-columns- ewd-ufaq-faq-display-style-one ewd-ufaq-can-be-toggled\" id='ewd-ufaq-post-160-nwcYFGE3OL' data-post_id='160'>\n\n\t<div class='ewd-ufaq-faq-title ewd-ufaq-faq-toggle'>\n\t\n\t<a class='ewd-ufaq-post-margin'  href='#'>\n\n\t\t<div class='ewd-ufaq-post-margin-symbol ewd-ufaq-square'>\n\t\t\t<span >A<\/span>\n\t\t<\/div>\n\n\t\t<div class='ewd-ufaq-faq-title-text'>\n\n\t\t\t<h4>\n\t\t\t\tQuel est l\u2019int\u00e9r\u00eat pour un commer\u00e7ant\/prestataire d\u2019accepter le Talent ?\t\t\t<\/h4>\n\n\t\t<\/div>\n\n\t\t<div class='ewd-ufaq-clear'><\/div>\n\n\t<\/a>\n\t\n<\/div>\n\t\n\t<div class='ewd-ufaq-faq-body ' >\n\n\t\t\n\t\t\t\n\t\t\n\t\t\t<div class='ewd-ufaq-post-margin ewd-ufaq-faq-post'>\n\t<p>Le Talent fonctionne comme un \u00ab label \u00e9thique \u00bb, un signe de reconnaissance. Il attire de nouveaux clients qui savent qu\u2019en allant chez un commer\u00e7ant\/prestataire agr\u00e9\u00e9 par l\u2019ASBL \u00ab Le Talent \u00bb, celui-ci s\u2019est engag\u00e9 dans une d\u00e9marche de relocalisation, de responsabilit\u00e9 \u00e9cologique, d\u2019attention \u00e0 la dimension \u00e9thique et humaine de l\u2019\u00e9conomie\u2026<\/p>\n<p>Le Talent est utilis\u00e9 dans un bassin de vie centr\u00e9 sur Ottignies-Louvain-la-Neuve et ses environs proches. Il rapproche les utilisateurs (habitants, \u00e9tudiants, travailleurs sur le site\u2026) des prestataires qui l\u2019acceptent, favorisant ainsi le commerce local.<\/p>\n<p>De plus, l\u2019ASBL \u00ab Le Talent \u00bb met en valeur ses prestataires et les promeut via son site internet et sa page Facebook. Les \u00ab comptoirs \u00bb et quelques prestataires disposent d&rsquo;un livret imprim\u00e9 reprenant la liste de tous les prestataires par cat\u00e9gorie d&rsquo;activit\u00e9. Ce livret sera mis \u00e0 jour trois fois par an (en janvier, mai et septembre), pour int\u00e9grer les nouveaux partenaires.<\/p>\n<\/div>\n\t\t\n\t\t\t<div class='ewd-ufaq-faq-custom-fields'>\n\n\t\n<\/div>\n\t\t\n\t\t\t<div class='ewd-ufaq-faq-categories'>\n\t\n\tCategory:\n\t\n\t\tPrestataires\n\t\n<\/div>\n\t\t\n\t\t\t\n\t\t\n\t\t\t\n\t\t\n\t\t\t\n\t\t\n\t\t\t\n\t\t\n\t\t\t\n\t\t\n\t\t\t<div class='ewd-ufaq-back-to-top'>\n\t\n\t<a class='ewd-ufaq-back-to-top-link'>\n\t\tBack to Top\t<\/a>\n\n<\/div>\n\t\t\n\t<\/div>\n\n<\/div>\n\t<\/div>\n\n\t\n<\/div>","protected":false},"excerpt":{"rendered":"<p>A Quel est l\u2019int\u00e9r\u00eat pour un commer\u00e7ant\/prestataire d\u2019accepter le Talent ? Le Talent fonctionne comme un \u00ab label \u00e9thique \u00bb, un signe de reconnaissance. Il attire de nouveaux clients qui savent qu\u2019en allant chez un commer\u00e7ant\/prestataire agr\u00e9\u00e9 par l\u2019ASBL \u00ab Le Talent \u00bb, celui-ci s\u2019est engag\u00e9 dans une d\u00e9marche de relocalisation, de responsabilit\u00e9 \u00e9cologique, d\u2019attention [&hellip;]<\/p>\n","protected":false},"author":2,"comment_status":"closed","ping_status":"closed","template":"","ufaq-category":[15],"ufaq-tag":[],"class_list":["post-160","ufaq","type-ufaq","status-publish","hentry","ufaq-category-prestataires"],"acf":[],"_links":{"self":[{"href":"https:\/\/letalent.be\/index.php\/wp-json\/wp\/v2\/ufaq\/160","targetHints":{"allow":["GET"]}}],"collection":[{"href":"https:\/\/letalent.be\/index.php\/wp-json\/wp\/v2\/ufaq"}],"about":[{"href":"https:\/\/letalent.be\/index.php\/wp-json\/wp\/v2\/types\/ufaq"}],"author":[{"embeddable":true,"href":"https:\/\/letalent.be\/index.php\/wp-json\/wp\/v2\/users\/2"}],"replies":[{"embeddable":true,"href":"https:\/\/letalent.be\/index.php\/wp-json\/wp\/v2\/comments?post=160"}],"wp:attachment":[{"href":"https:\/\/letalent.be\/index.php\/wp-json\/wp\/v2\/media?parent=160"}],"wp:term":[{"taxonomy":"ufaq-category","embeddable":true,"href":"https:\/\/letalent.be\/index.php\/wp-json\/wp\/v2\/ufaq-category?post=160"},{"taxonomy":"ufaq-tag","embeddable":true,"href":"https:\/\/letalent.be\/index.php\/wp-json\/wp\/v2\/ufaq-tag?post=160"}],"curies":[{"name":"wp","href":"https:\/\/api.w.org\/{rel}","templated":true}]}}

Quel est l’intérêt pour un commerçant/prestataire d’accepter le Talent ?

<style>div.ufaq-faq-title h4 {
font-size:1.2em;
}</style><div  class="ewd-ufaq-faq-list ewd-ufaq-page-type-load_more" id='ewd-ufaq-faq-list'>

	<input type='hidden' name='show_on_load' value='' id='ewd-ufaq-show-on-load' />
<input type='hidden' name='include_category' value='' id='ewd-ufaq-include-category' />
<input type='hidden' name='exclude_category' value='' id='ewd-ufaq-exclude-category' />
<input type='hidden' name='orderby' value='title' id='ewd-ufaq-orderby' />
<input type='hidden' name='order' value='asc' id='ewd-ufaq-order' />
<input type='hidden' name='post_count' value='-1' id='ewd-ufaq-post-count' />
<input type='hidden' name='current_url' value='/index.php/wp-json/wp/v2/ufaq/160' id='ewd-ufaq-current-url' />
	
	
	<div class='ewd-ufaq-faqs'>

		<div  class="ewd-ufaq-faq-div ewd-ufaq-faq-column-count-one ewd-ufaq-faq-responsive-columns- ewd-ufaq-faq-display-style-one ewd-ufaq-can-be-toggled" id='ewd-ufaq-post-160-nwcYFGE3OL' data-post_id='160'>

	<div class='ewd-ufaq-faq-title ewd-ufaq-faq-toggle'>
	
	<a class='ewd-ufaq-post-margin'  href='#'>

		<div class='ewd-ufaq-post-margin-symbol ewd-ufaq-square'>
			<span >A</span>
		</div>

		<div class='ewd-ufaq-faq-title-text'>

			<h4>
				Quel est l’intérêt pour un commerçant/prestataire d’accepter le Talent ?			</h4>

		</div>

		<div class='ewd-ufaq-clear'></div>

	</a>
	
</div>
	
	<div class='ewd-ufaq-faq-body ' >

		
			
		
			<div class='ewd-ufaq-post-margin ewd-ufaq-faq-post'>
	<p>Le Talent fonctionne comme un « label éthique », un signe de reconnaissance. Il attire de nouveaux clients qui savent qu’en allant chez un commerçant/prestataire agréé par l’ASBL « Le Talent », celui-ci s’est engagé dans une démarche de relocalisation, de responsabilité écologique, d’attention à la dimension éthique et humaine de l’économie…</p>
<p>Le Talent est utilisé dans un bassin de vie centré sur Ottignies-Louvain-la-Neuve et ses environs proches. Il rapproche les utilisateurs (habitants, étudiants, travailleurs sur le site…) des prestataires qui l’acceptent, favorisant ainsi le commerce local.</p>
<p>De plus, l’ASBL « Le Talent » met en valeur ses prestataires et les promeut via son site internet et sa page Facebook. Les « comptoirs » et quelques prestataires disposent d&rsquo;un livret imprimé reprenant la liste de tous les prestataires par catégorie d&rsquo;activité. Ce livret sera mis à jour trois fois par an (en janvier, mai et septembre), pour intégrer les nouveaux partenaires.</p>
</div>
		
			<div class='ewd-ufaq-faq-custom-fields'>

	
</div>
		
			<div class='ewd-ufaq-faq-categories'>
	
	Category:
	
		Prestataires
	
</div>
		
			
		
			
		
			
		
			
		
			
		
			<div class='ewd-ufaq-back-to-top'>
	
	<a class='ewd-ufaq-back-to-top-link'>
		Back to Top	</a>

</div>
		
	</div>

</div>
	</div>

	
</div>

<p>A Quel est l’intérêt pour un commerçant/prestataire d’accepter le Talent ? Le Talent fonctionne comme un « label éthique », un signe de reconnaissance. Il attire de nouveaux clients qui savent qu’en allant chez un commerçant/prestataire agréé par l’ASBL « Le Talent », celui-ci s’est engagé dans une démarche de relocalisation, de responsabilité écologique, d’attention [&hellip;]</p>
