{"id":150,"date":"2017-10-31T16:25:21","date_gmt":"2017-10-31T15:25:21","guid":{"rendered":"http:\/\/letalent.eu\/?post_type=ufaq&#038;p=150"},"modified":"2017-10-31T16:25:21","modified_gmt":"2017-10-31T15:25:21","slug":"les-pouvoirs-publics-sont-ils-impliques-dans-la-demarche","status":"publish","type":"ufaq","link":"https:\/\/letalent.be\/index.php\/ufaqs\/les-pouvoirs-publics-sont-ils-impliques-dans-la-demarche\/","title":{"rendered":"Les pouvoirs publics sont-ils impliqu\u00e9s dans la d\u00e9marche ?"},"content":{"rendered":"<style>div.ufaq-faq-title h4 {\r\nfont-size:1.2em;\r\n}<\/style><div  class=\"ewd-ufaq-faq-list ewd-ufaq-page-type-load_more\" id='ewd-ufaq-faq-list'>\n\n\t<input type='hidden' name='show_on_load' value='' id='ewd-ufaq-show-on-load' \/>\n<input type='hidden' name='include_category' value='' id='ewd-ufaq-include-category' \/>\n<input type='hidden' name='exclude_category' value='' id='ewd-ufaq-exclude-category' \/>\n<input type='hidden' name='orderby' value='title' id='ewd-ufaq-orderby' \/>\n<input type='hidden' name='order' value='asc' id='ewd-ufaq-order' \/>\n<input type='hidden' name='post_count' value='-1' id='ewd-ufaq-post-count' \/>\n<input type='hidden' name='current_url' value='\/index.php\/wp-json\/wp\/v2\/ufaq\/150' id='ewd-ufaq-current-url' \/>\n\t\n\t\n\t<div class='ewd-ufaq-faqs'>\n\n\t\t<div  class=\"ewd-ufaq-faq-div ewd-ufaq-faq-column-count-one ewd-ufaq-faq-responsive-columns- ewd-ufaq-faq-display-style-one ewd-ufaq-can-be-toggled\" id='ewd-ufaq-post-150-DrqUj7wbnH' data-post_id='150'>\n\n\t<div class='ewd-ufaq-faq-title ewd-ufaq-faq-toggle'>\n\t\n\t<a class='ewd-ufaq-post-margin'  href='#'>\n\n\t\t<div class='ewd-ufaq-post-margin-symbol ewd-ufaq-square'>\n\t\t\t<span >A<\/span>\n\t\t<\/div>\n\n\t\t<div class='ewd-ufaq-faq-title-text'>\n\n\t\t\t<h4>\n\t\t\t\tLes pouvoirs publics sont-ils impliqu\u00e9s dans la d\u00e9marche ?\t\t\t<\/h4>\n\n\t\t<\/div>\n\n\t\t<div class='ewd-ufaq-clear'><\/div>\n\n\t<\/a>\n\t\n<\/div>\n\t\n\t<div class='ewd-ufaq-faq-body ' >\n\n\t\t\n\t\t\t\n\t\t\n\t\t\t<div class='ewd-ufaq-post-margin ewd-ufaq-faq-post'>\n\t<p>La commune d\u2019Ottignies-Louvain-la-Neuve a clairement manifest\u00e9 son int\u00e9r\u00eat pour le Talent, notamment dans son \u00ab\u00a0Plan strat\u00e9gique transversal\u00a0\u00bb qui pr\u00e9voit\u00a0: <i>\u00ab\u00a0En vue de renforcer les circuits courts, la Ville apportera son soutien \u00e0 l\u2019initiative de monnaie locale r\u00e9cemment lanc\u00e9e sur le territoire communal.\u00a0\u00bb<\/i> . On pourrait, par exemple, imaginer qu\u2019une partie des taxes locales (comme les taxes horeca sur les terrasses, sur les d\u00e9chets, etc.) soient pay\u00e9es partiellement en Talents. Toutes les id\u00e9es sont les bienvenues\u00a0!<\/p>\n<\/div>\n\t\t\n\t\t\t<div class='ewd-ufaq-faq-custom-fields'>\n\n\t\n<\/div>\n\t\t\n\t\t\t<div class='ewd-ufaq-faq-categories'>\n\t\n\tCategory:\n\t\n\t\tG\u00e9n\u00e9rales\n\t\n<\/div>\n\t\t\n\t\t\t\n\t\t\n\t\t\t\n\t\t\n\t\t\t\n\t\t\n\t\t\t\n\t\t\n\t\t\t\n\t\t\n\t\t\t<div class='ewd-ufaq-back-to-top'>\n\t\n\t<a class='ewd-ufaq-back-to-top-link'>\n\t\tBack to Top\t<\/a>\n\n<\/div>\n\t\t\n\t<\/div>\n\n<\/div>\n\t<\/div>\n\n\t\n<\/div>","protected":false},"excerpt":{"rendered":"<p>A Les pouvoirs publics sont-ils impliqu\u00e9s dans la d\u00e9marche ? La commune d\u2019Ottignies-Louvain-la-Neuve a clairement manifest\u00e9 son int\u00e9r\u00eat pour le Talent, notamment dans son \u00ab\u00a0Plan strat\u00e9gique transversal\u00a0\u00bb qui pr\u00e9voit\u00a0: \u00ab\u00a0En vue de renforcer les circuits courts, la Ville apportera son soutien \u00e0 l\u2019initiative de monnaie locale r\u00e9cemment lanc\u00e9e sur le territoire communal.\u00a0\u00bb . On pourrait, [&hellip;]<\/p>\n","protected":false},"author":2,"comment_status":"closed","ping_status":"closed","template":"","ufaq-category":[13],"ufaq-tag":[],"class_list":["post-150","ufaq","type-ufaq","status-publish","hentry","ufaq-category-generales"],"acf":[],"_links":{"self":[{"href":"https:\/\/letalent.be\/index.php\/wp-json\/wp\/v2\/ufaq\/150","targetHints":{"allow":["GET"]}}],"collection":[{"href":"https:\/\/letalent.be\/index.php\/wp-json\/wp\/v2\/ufaq"}],"about":[{"href":"https:\/\/letalent.be\/index.php\/wp-json\/wp\/v2\/types\/ufaq"}],"author":[{"embeddable":true,"href":"https:\/\/letalent.be\/index.php\/wp-json\/wp\/v2\/users\/2"}],"replies":[{"embeddable":true,"href":"https:\/\/letalent.be\/index.php\/wp-json\/wp\/v2\/comments?post=150"}],"wp:attachment":[{"href":"https:\/\/letalent.be\/index.php\/wp-json\/wp\/v2\/media?parent=150"}],"wp:term":[{"taxonomy":"ufaq-category","embeddable":true,"href":"https:\/\/letalent.be\/index.php\/wp-json\/wp\/v2\/ufaq-category?post=150"},{"taxonomy":"ufaq-tag","embeddable":true,"href":"https:\/\/letalent.be\/index.php\/wp-json\/wp\/v2\/ufaq-tag?post=150"}],"curies":[{"name":"wp","href":"https:\/\/api.w.org\/{rel}","templated":true}]}}

Les pouvoirs publics sont-ils impliqués dans la démarche ?

<style>div.ufaq-faq-title h4 {
font-size:1.2em;
}</style><div  class="ewd-ufaq-faq-list ewd-ufaq-page-type-load_more" id='ewd-ufaq-faq-list'>

	<input type='hidden' name='show_on_load' value='' id='ewd-ufaq-show-on-load' />
<input type='hidden' name='include_category' value='' id='ewd-ufaq-include-category' />
<input type='hidden' name='exclude_category' value='' id='ewd-ufaq-exclude-category' />
<input type='hidden' name='orderby' value='title' id='ewd-ufaq-orderby' />
<input type='hidden' name='order' value='asc' id='ewd-ufaq-order' />
<input type='hidden' name='post_count' value='-1' id='ewd-ufaq-post-count' />
<input type='hidden' name='current_url' value='/index.php/wp-json/wp/v2/ufaq/150' id='ewd-ufaq-current-url' />
	
	
	<div class='ewd-ufaq-faqs'>

		<div  class="ewd-ufaq-faq-div ewd-ufaq-faq-column-count-one ewd-ufaq-faq-responsive-columns- ewd-ufaq-faq-display-style-one ewd-ufaq-can-be-toggled" id='ewd-ufaq-post-150-DrqUj7wbnH' data-post_id='150'>

	<div class='ewd-ufaq-faq-title ewd-ufaq-faq-toggle'>
	
	<a class='ewd-ufaq-post-margin'  href='#'>

		<div class='ewd-ufaq-post-margin-symbol ewd-ufaq-square'>
			<span >A</span>
		</div>

		<div class='ewd-ufaq-faq-title-text'>

			<h4>
				Les pouvoirs publics sont-ils impliqués dans la démarche ?			</h4>

		</div>

		<div class='ewd-ufaq-clear'></div>

	</a>
	
</div>
	
	<div class='ewd-ufaq-faq-body ' >

		
			
		
			<div class='ewd-ufaq-post-margin ewd-ufaq-faq-post'>
	<p>La commune d’Ottignies-Louvain-la-Neuve a clairement manifesté son intérêt pour le Talent, notamment dans son « Plan stratégique transversal » qui prévoit : <i>« En vue de renforcer les circuits courts, la Ville apportera son soutien à l’initiative de monnaie locale récemment lancée sur le territoire communal. »</i> . On pourrait, par exemple, imaginer qu’une partie des taxes locales (comme les taxes horeca sur les terrasses, sur les déchets, etc.) soient payées partiellement en Talents. Toutes les idées sont les bienvenues !</p>
</div>
		
			<div class='ewd-ufaq-faq-custom-fields'>

	
</div>
		
			<div class='ewd-ufaq-faq-categories'>
	
	Category:
	
		Générales
	
</div>
		
			
		
			
		
			
		
			
		
			
		
			<div class='ewd-ufaq-back-to-top'>
	
	<a class='ewd-ufaq-back-to-top-link'>
		Back to Top	</a>

</div>
		
	</div>

</div>
	</div>

	
</div>

<p>A Les pouvoirs publics sont-ils impliqués dans la démarche ? La commune d’Ottignies-Louvain-la-Neuve a clairement manifesté son intérêt pour le Talent, notamment dans son « Plan stratégique transversal » qui prévoit : « En vue de renforcer les circuits courts, la Ville apportera son soutien à l’initiative de monnaie locale récemment lancée sur le territoire communal. » . On pourrait, [&hellip;]</p>
