{"id":964,"date":"2019-05-20T09:31:11","date_gmt":"2019-05-20T07:31:11","guid":{"rendered":"http:\/\/letalent.be\/?page_id=964"},"modified":"2019-05-20T09:55:17","modified_gmt":"2019-05-20T07:55:17","slug":"gouvernance","status":"publish","type":"page","link":"https:\/\/letalent.be\/index.php\/gouvernance\/","title":{"rendered":"Gouvernance"},"content":{"rendered":"<p>L&rsquo;asbl \u00ab\u00a0Le Talent\u00a0\u00bb propose une gouvernance par cercle. Chaque cercle est responsable de sa zone de comp\u00e9tence et peut prendre les d\u00e9cisions qui incombe dans le respect des objectifs et des valeurs du Talent et en coordination avec les autres cercles.<\/p>\n<p>Ces groupes sont ouverts. N&rsquo;h\u00e9sitez pas \u00e0 nous contacter pour vous impliquer dans l&rsquo;un ou l&rsquo;autre cercle (<strong><a href=\"mailto:letalent.bw@gmail.com\">letalent.bw@gmail.com<\/a><\/strong>).<\/p>\n<p><img loading=\"lazy\" decoding=\"async\" class=\"alignnone wp-image-965 size-full\" src=\"http:\/\/letalent.be\/wp-content\/uploads\/2019\/05\/Cercles.png\" alt=\"\" width=\"978\" height=\"741\" srcset=\"https:\/\/letalent.be\/wp-content\/uploads\/2019\/05\/Cercles.png 978w, https:\/\/letalent.be\/wp-content\/uploads\/2019\/05\/Cercles-300x227.png 300w, https:\/\/letalent.be\/wp-content\/uploads\/2019\/05\/Cercles-768x582.png 768w\" sizes=\"auto, (max-width: 978px) 100vw, 978px\" \/><\/p>\n<ul>\n<li>Le Cercle <strong>Communication externe et promotion<\/strong> : Promotion papier et \u00e9lectronique (site web, r\u00e9seaux sociaux) et repr\u00e9sentation du Talent;<\/li>\n<li>Le Cercle <strong>GRH<\/strong> : Gestion des Ressources Humaines (b\u00e9n\u00e9voles et peut-\u00eatre un jour salari\u00e9s);<\/li>\n<li>Le Cercle <strong>Gouvernance, Strat\u00e9gie et Prospective<\/strong> : Mod\u00e8le \u00e9conomique, outils d&rsquo;analyse, \u00e9conomie locale et soutien \u00e0 la gouvernance;<\/li>\n<li>Le Cercle <strong>Relations ext\u00e9rieures<\/strong> : Liaison avec Financit\u00e9 et avec les autres Monnaies Locales Compl\u00e9mentaires et Citoyennes;<\/li>\n<li>Le Cercle <strong>Gestion Financi\u00e8re <\/strong>: gestion financi\u00e8re de l&rsquo;asbl et recherche de moyens (subsides, &#8230;)<\/li>\n<li>Le Cercle <strong>ASBL-LEGO<\/strong> : aspects l\u00e9gaux et comptables;<\/li>\n<li>Le Cercle <strong>PEPs<\/strong> : Paiements \u00e9lectroniques et papiers &#8211; gestion des paiements en Talent (proc\u00e9dures et flux), mise en place et suivi du syst\u00e8me de paiement \u00e9lectronique;<\/li>\n<li>Le Cercle <strong>Prestataires<\/strong> : Dynamise le coll\u00e8ge des prestataires et le Groupe d&rsquo;Aide aux Prestataires;<\/li>\n<li>Le Cercle <strong>\u00c9tudiants<\/strong> : Dynamise les projets \u00e9tudiants et kots \u00e0 projet;<\/li>\n<li>Le Cercle <strong>C\u0153ur<\/strong> : Dynamise l&rsquo;ensemble du processus, Communication interne, Coordination au jour le jour, convivialit\u00e9;<\/li>\n<\/ul>\n<p>&nbsp;<\/p>\n<ul>\n<li>Les Cercles <strong>Communaux<\/strong> : Dynamisation de l&rsquo;action du Talent au niveau local (prospection, promotion, &#8230;).<\/li>\n<\/ul>\n<p>Une coordination des Cercles est pr\u00e9vue r\u00e9guli\u00e8rement.<\/p>\n","protected":false},"excerpt":{"rendered":"<p>L&rsquo;asbl \u00ab\u00a0Le Talent\u00a0\u00bb propose une gouvernance par cercle. Chaque cercle est responsable de sa zone de comp\u00e9tence et peut prendre les d\u00e9cisions qui incombe dans le respect des objectifs et des valeurs du Talent et en coordination avec les autres cercles. Ces groupes sont ouverts. N&rsquo;h\u00e9sitez pas \u00e0 nous contacter pour vous impliquer dans l&rsquo;un [&hellip;]<\/p>\n","protected":false},"author":2,"featured_media":0,"parent":0,"menu_order":0,"comment_status":"closed","ping_status":"closed","template":"","meta":{"footnotes":""},"class_list":["post-964","page","type-page","status-publish","hentry"],"acf":[],"_links":{"self":[{"href":"https:\/\/letalent.be\/index.php\/wp-json\/wp\/v2\/pages\/964","targetHints":{"allow":["GET"]}}],"collection":[{"href":"https:\/\/letalent.be\/index.php\/wp-json\/wp\/v2\/pages"}],"about":[{"href":"https:\/\/letalent.be\/index.php\/wp-json\/wp\/v2\/types\/page"}],"author":[{"embeddable":true,"href":"https:\/\/letalent.be\/index.php\/wp-json\/wp\/v2\/users\/2"}],"replies":[{"embeddable":true,"href":"https:\/\/letalent.be\/index.php\/wp-json\/wp\/v2\/comments?post=964"}],"version-history":[{"count":5,"href":"https:\/\/letalent.be\/index.php\/wp-json\/wp\/v2\/pages\/964\/revisions"}],"predecessor-version":[{"id":972,"href":"https:\/\/letalent.be\/index.php\/wp-json\/wp\/v2\/pages\/964\/revisions\/972"}],"wp:attachment":[{"href":"https:\/\/letalent.be\/index.php\/wp-json\/wp\/v2\/media?parent=964"}],"curies":[{"name":"wp","href":"https:\/\/api.w.org\/{rel}","templated":true}]}}