{"id":46,"date":"2017-10-30T10:42:29","date_gmt":"2017-10-30T09:42:29","guid":{"rendered":"http:\/\/letalent.eu\/?page_id=46"},"modified":"2018-07-16T21:05:03","modified_gmt":"2018-07-16T19:05:03","slug":"billets","status":"publish","type":"page","link":"https:\/\/letalent.be\/index.php\/le-talent\/billets\/","title":{"rendered":"Billets"},"content":{"rendered":"<div class=\"entry-content container clearfix\">\n<h2>Informations relatives aux billets<\/h2>\n<p>&nbsp;<\/p>\n<p>L\u2019asbl \u00ab\u00a0Le Talent\u00a0\u00bb a choisi d\u2019imprimer 5 types de billets, aux valeurs faciales strictement \u00e9quivalentes \u00e0 l\u2019Euro. Toutes les photos sont de Mme Gloria Michiels. Le graphisme des billets est d\u00fb \u00e0 Geoffrey Bodson (Alternatis), sp\u00e9cialiste en \u00e9co-design.<\/p>\n<p><strong>Le billet de 1 Talent<\/strong><\/p>\n<p>L\u2019image centrale est une photo de la statue de L\u00e9on &amp; Val\u00e9rie, situ\u00e9e place de l\u2019Universit\u00e9, \u00e0 Louvain-la-Neuve, \u0153uvre de l\u2019artiste locale Gigy Warny.<\/p>\n<p><strong>Le billet de 2,5 Talents<\/strong><\/p>\n<p>L\u2019image centrale est une photo de la sculpture situ\u00e9e en contrebas de la Ferme du Douaire, \u0153uvre de l\u2019artiste locale V\u00e9ronique Choppinet.<\/p>\n<p><strong>Le billet de 5 Talents<\/strong><\/p>\n<p>L\u2019image centrale est une photo du lac de Louvain-la-Neuve.<\/p>\n<p><strong>Le billet de 10 Talents<\/strong><br \/>\nL\u2019image centrale est une photo de la Dyle, prise \u00e0 Limelette.<\/p>\n<p><strong>Le billet de 20 Talents<\/strong><\/p>\n<p>L\u2019image centrale est une photo de la place de C\u00e9roux d\u2019o\u00f9 d\u00e9collent parfois des montgolfi\u00e8res.<\/p>\n<p>&nbsp;<\/p>\n<h2>S\u00e9curit\u00e9 des Billets<\/h2>\n<p>Les billets comportent plusieurs \u00e9l\u00e9ments de s\u00e9curit\u00e9 qui en rendent tr\u00e8s difficile la duplication (hologramme, guilloches\u2026) ou l\u2019impression (n\u00b0 de s\u00e9rie de chaque billet associ\u00e9 \u00e0 une cl\u00e9 de s\u00e9curit\u00e9 unique). De plus, le bassin de diffusion relativement \u00e9troit permet, en cas de d\u00e9tection de faux Talents,\u00a0 d\u2019alerter tous les prestataires en temps r\u00e9el. La s\u00e9curit\u00e9 du billet est le fruit d\u2019\u00e9changes avec un chercheur universitaire sp\u00e9cialis\u00e9 en s\u00e9curit\u00e9 informatique ainsi qu\u2019avec M. Jean-Jacques Quisquater, professeur \u00e9m\u00e9rite en cryptographie. Ces dispositifs rendent le Talent extr\u00eamement fiable. Sans compter le fait que, pour des faussaires \u00e9ventuels, l\u2019int\u00e9r\u00eat de fabriquer de faux Talents est vraiment de peu d\u2019int\u00e9r\u00eat.<br \/>\n<!--\n\n<h2>V\u00e9rifiez l\u2019authenticit\u00e9 de votre billet en cliquant\u00a0 <a title=\"V\u00e9rification billet\" href=\"http:\/\/www.letalent.be\/verification-billet.php\"><strong>ici<\/strong><\/a><\/h2>\n\n--><br \/>\n&nbsp;<\/p>\n<h2>Une collection de Talents<\/h2>\n<p>Les 200 plus petits num\u00e9ros de s\u00e9rie de chaque type de billet (de 00001 \u00e0 00200) ont \u00e9t\u00e9 \u00e9cart\u00e9s du stock pour \u00eatre propos\u00e9s \u00e0 la vente aux numismates. La s\u00e9rie compl\u00e8te (les 5 billets porteurs du m\u00eame n\u00b0 de s\u00e9rie), d\u2019une valeur totale de 38,50\u20ac, est vendue au prix de 50\u20ac. Si vous \u00eates amateur, envoyez-nous un mail \u00e0 l\u2019adresse\u00a0<strong><a href=\"http:\/\/www.letalent.be\/letalent.bw@gmail.com\">letalent.bw@gmail.com<\/a><\/strong>.<\/p>\n<\/div>\n","protected":false},"excerpt":{"rendered":"<p>Informations relatives aux billets &nbsp; L\u2019asbl \u00ab\u00a0Le Talent\u00a0\u00bb a choisi d\u2019imprimer 5 types de billets, aux valeurs faciales strictement \u00e9quivalentes \u00e0 l\u2019Euro. Toutes les photos sont de Mme Gloria Michiels. Le graphisme des billets est d\u00fb \u00e0 Geoffrey Bodson (Alternatis), sp\u00e9cialiste en \u00e9co-design. Le billet de 1 Talent L\u2019image centrale est une photo de la [&hellip;]<\/p>\n","protected":false},"author":2,"featured_media":0,"parent":12,"menu_order":0,"comment_status":"closed","ping_status":"closed","template":"","meta":{"footnotes":""},"class_list":["post-46","page","type-page","status-publish","hentry"],"acf":[],"_links":{"self":[{"href":"https:\/\/letalent.be\/index.php\/wp-json\/wp\/v2\/pages\/46","targetHints":{"allow":["GET"]}}],"collection":[{"href":"https:\/\/letalent.be\/index.php\/wp-json\/wp\/v2\/pages"}],"about":[{"href":"https:\/\/letalent.be\/index.php\/wp-json\/wp\/v2\/types\/page"}],"author":[{"embeddable":true,"href":"https:\/\/letalent.be\/index.php\/wp-json\/wp\/v2\/users\/2"}],"replies":[{"embeddable":true,"href":"https:\/\/letalent.be\/index.php\/wp-json\/wp\/v2\/comments?post=46"}],"version-history":[{"count":2,"href":"https:\/\/letalent.be\/index.php\/wp-json\/wp\/v2\/pages\/46\/revisions"}],"predecessor-version":[{"id":729,"href":"https:\/\/letalent.be\/index.php\/wp-json\/wp\/v2\/pages\/46\/revisions\/729"}],"up":[{"embeddable":true,"href":"https:\/\/letalent.be\/index.php\/wp-json\/wp\/v2\/pages\/12"}],"wp:attachment":[{"href":"https:\/\/letalent.be\/index.php\/wp-json\/wp\/v2\/media?parent=46"}],"curies":[{"name":"wp","href":"https:\/\/api.w.org\/{rel}","templated":true}]}}