{"id":44,"date":"2017-10-30T10:41:39","date_gmt":"2017-10-30T09:41:39","guid":{"rendered":"http:\/\/letalent.eu\/?page_id=44"},"modified":"2017-12-06T10:36:12","modified_gmt":"2017-12-06T09:36:12","slug":"les-monnaies-locales-et-complementaires","status":"publish","type":"page","link":"https:\/\/letalent.be\/index.php\/le-talent\/les-monnaies-locales-et-complementaires\/","title":{"rendered":"Les monnaies locales et compl\u00e9mentaires"},"content":{"rendered":"<div class=\"entry-content container clearfix\">\n<h2>Avez-vous d\u00e9j\u00e0 entendu parler des monnaies locales et compl\u00e9mentaires?<\/h2>\n<p>&nbsp;<\/p>\n<p>Savez-vous qu\u2019il en existe \u00e0 travers le monde entier?<\/p>\n<p>A quoi servent-elles? L\u2019Euro ne nous suffit-il pas?<\/p>\n<p>Envie d\u2019en savoir plus? Vous pouvez consulter le site de <a title=\"Financit\u00e9_Monnaies_Locales\" href=\"https:\/\/www.financite.be\/fr\/article\/monnaies-citoyennes\" target=\"_blank\" rel=\"noopener\">Financit\u00e9<\/a> qui constitue une mine d\u2019informations en la mati\u00e8re.<\/p>\n<p>Un constat s\u2019impose: le Talent n\u2019est pas la seule monnaie en Wallonie.<\/p>\n<p><img loading=\"lazy\" decoding=\"async\" class=\"size-medium wp-image-460 aligncenter\" src=\"http:\/\/letalent.be\/wp-content\/uploads\/2017\/12\/cartesmc2017-300x212.jpg\" alt=\"\" width=\"300\" height=\"212\" srcset=\"https:\/\/letalent.be\/wp-content\/uploads\/2017\/12\/cartesmc2017-300x212.jpg 300w, https:\/\/letalent.be\/wp-content\/uploads\/2017\/12\/cartesmc2017-768x543.jpg 768w, https:\/\/letalent.be\/wp-content\/uploads\/2017\/12\/cartesmc2017-1024x724.jpg 1024w\" sizes=\"auto, (max-width: 300px) 100vw, 300px\" \/><\/p>\n<\/div>\n","protected":false},"excerpt":{"rendered":"<p>Avez-vous d\u00e9j\u00e0 entendu parler des monnaies locales et compl\u00e9mentaires? &nbsp; Savez-vous qu\u2019il en existe \u00e0 travers le monde entier? A quoi servent-elles? L\u2019Euro ne nous suffit-il pas? Envie d\u2019en savoir plus? Vous pouvez consulter le site de Financit\u00e9 qui constitue une mine d\u2019informations en la mati\u00e8re. Un constat s\u2019impose: le Talent n\u2019est pas la seule [&hellip;]<\/p>\n","protected":false},"author":2,"featured_media":0,"parent":12,"menu_order":0,"comment_status":"closed","ping_status":"closed","template":"","meta":{"footnotes":""},"class_list":["post-44","page","type-page","status-publish","hentry"],"acf":[],"_links":{"self":[{"href":"https:\/\/letalent.be\/index.php\/wp-json\/wp\/v2\/pages\/44","targetHints":{"allow":["GET"]}}],"collection":[{"href":"https:\/\/letalent.be\/index.php\/wp-json\/wp\/v2\/pages"}],"about":[{"href":"https:\/\/letalent.be\/index.php\/wp-json\/wp\/v2\/types\/page"}],"author":[{"embeddable":true,"href":"https:\/\/letalent.be\/index.php\/wp-json\/wp\/v2\/users\/2"}],"replies":[{"embeddable":true,"href":"https:\/\/letalent.be\/index.php\/wp-json\/wp\/v2\/comments?post=44"}],"version-history":[{"count":3,"href":"https:\/\/letalent.be\/index.php\/wp-json\/wp\/v2\/pages\/44\/revisions"}],"predecessor-version":[{"id":461,"href":"https:\/\/letalent.be\/index.php\/wp-json\/wp\/v2\/pages\/44\/revisions\/461"}],"up":[{"embeddable":true,"href":"https:\/\/letalent.be\/index.php\/wp-json\/wp\/v2\/pages\/12"}],"wp:attachment":[{"href":"https:\/\/letalent.be\/index.php\/wp-json\/wp\/v2\/media?parent=44"}],"curies":[{"name":"wp","href":"https:\/\/api.w.org\/{rel}","templated":true}]}}

Les monnaies locales et complémentaires

<div class="entry-content container clearfix">
<h2>Avez-vous déjà entendu parler des monnaies locales et complémentaires?</h2>
<p>&nbsp;</p>
<p>Savez-vous qu’il en existe à travers le monde entier?</p>
<p>A quoi servent-elles? L’Euro ne nous suffit-il pas?</p>
<p>Envie d’en savoir plus? Vous pouvez consulter le site de <a title="Financité_Monnaies_Locales" href="https://www.financite.be/fr/article/monnaies-citoyennes" target="_blank" rel="noopener">Financité</a> qui constitue une mine d’informations en la matière.</p>
<p>Un constat s’impose: le Talent n’est pas la seule monnaie en Wallonie.</p>
<p><img loading="lazy" decoding="async" class="size-medium wp-image-460 aligncenter" src="http://letalent.be/wp-content/uploads/2017/12/cartesmc2017-300x212.jpg" alt="" width="300" height="212" srcset="https://letalent.be/wp-content/uploads/2017/12/cartesmc2017-300x212.jpg 300w, https://letalent.be/wp-content/uploads/2017/12/cartesmc2017-768x543.jpg 768w, https://letalent.be/wp-content/uploads/2017/12/cartesmc2017-1024x724.jpg 1024w" sizes="auto, (max-width: 300px) 100vw, 300px" /></p>
</div>

<p>Avez-vous déjà entendu parler des monnaies locales et complémentaires? &nbsp; Savez-vous qu’il en existe à travers le monde entier? A quoi servent-elles? L’Euro ne nous suffit-il pas? Envie d’en savoir plus? Vous pouvez consulter le site de Financité qui constitue une mine d’informations en la matière. Un constat s’impose: le Talent n’est pas la seule [&hellip;]</p>
