{"id":41,"date":"2017-10-30T10:38:28","date_gmt":"2017-10-30T09:38:28","guid":{"rendered":"http:\/\/letalent.eu\/?page_id=41"},"modified":"2017-10-30T10:38:28","modified_gmt":"2017-10-30T09:38:28","slug":"objectifs-du-talent","status":"publish","type":"page","link":"https:\/\/letalent.be\/index.php\/le-talent\/objectifs-du-talent\/","title":{"rendered":"Objectifs du Talent"},"content":{"rendered":"<p>Dans notre monde globalis\u00e9, nous avons perdu <strong>la ma\u00eetrise de notre argent<\/strong> : nous avons l\u2019impression que nous sommes soumis aux \u00ab march\u00e9s \u00bb. Cela est faux : il y a moyen d\u2019agir, de r\u00e9agir, gr\u00e2ce, entre autre, aux monnaies locales et compl\u00e9mentaires.<\/p>\n<p>Une monnaie locale et compl\u00e9mentaire joue le r\u00f4le de moyen d\u2019\u00e9change de biens et services mais dans un espace g\u00e9ographique relativement retreint. Autrement dit, cette monnaie ne peut \u00eatre utilis\u00e9e que sur un territoire bien d\u00e9limit\u00e9, c\u2019est \u00e0 dire, en ce qui nous concerne, dans le bassin de vie d\u2019Ottignies-Louvain-la-Neuve.<\/p>\n<p>Outre sa fonction d\u2019\u00e9change, le Talent poss\u00e8de \u00e9galement une\u00a0dimension sociale et solidaire. Et cela, l\u2019euro ne peut pas le faire !<\/p>\n<div class=\"et-box et-shadow\">\n<div class=\"et-box-content\">\n<h2>Pourquoi utiliser le Talent?<\/h2>\n<p><strong>&#8211; pour favoriser les producteurs et les commer\u00e7ants locaux et de la sorte renforcer le tissu \u00e9conomique local et les circuits courts<\/strong><\/p>\n<p><strong>&#8211; pour adopter des comportements citoyens, notamment en mati\u00e8re d\u2019environnement, de participation et de solidarit\u00e9<\/strong><\/p>\n<p><strong>&#8211; pour financer un syst\u00e8me d\u2019\u00e9pargne local qui soutient des projets au sein de la communaut\u00e9<\/strong><\/p>\n<\/div>\n<\/div>\n<h2><\/h2>\n<h2>Comment r\u00e9aliser ces objectifs?<\/h2>\n<p>D\u2019abord parce que <strong>le Talent<\/strong>, lib\u00e9r\u00e9 de la logique purement financi\u00e8re, est ramen\u00e9e \u00e0 son r\u00f4le principal : \u00eatre <strong>un moyen d\u2019\u00e9change qui doit circuler<\/strong>. Donc l\u2019argent, au lieu de dormir sur un compte d\u2019\u00e9pargne ou de servir \u00e0 la sp\u00e9culation, doit servir directement \u00e0 la production de biens et de services b\u00e9n\u00e9fiques \u00e0 la collectivit\u00e9.<\/p>\n<p>Ensuite, en utilisant vos Talents, vous posez une acte politique fort qui montre que vous favorisez le commerce local et les circuits courts.<\/p>\n<p>De plus, les euros r\u00e9colt\u00e9s en \u00e9change des Talents serviront \u00e0 financer des projets locaux,solidaires et respectueux de l\u2019environnement et de l\u2019humain.<\/p>\n<p>Enfin, le simple fait d\u2019utiliser des Talents permet de sensibiliser les citoyens (les habitants, les commer\u00e7ants, les prestataires de services) au v\u00e9ritable r\u00f4le de l\u2019argent dans la soci\u00e9t\u00e9 et des cons\u00e9quences que sa cr\u00e9ation implique sur nos vies. Il s\u2019agit de r\u00e9fl\u00e9chir ensemble sur les valeurs qui sous-tendent notre soci\u00e9t\u00e9\u2026<\/p>\n","protected":false},"excerpt":{"rendered":"<p>Dans notre monde globalis\u00e9, nous avons perdu la ma\u00eetrise de notre argent : nous avons l\u2019impression que nous sommes soumis aux \u00ab march\u00e9s \u00bb. Cela est faux : il y a moyen d\u2019agir, de r\u00e9agir, gr\u00e2ce, entre autre, aux monnaies locales et compl\u00e9mentaires. Une monnaie locale et compl\u00e9mentaire joue le r\u00f4le de moyen d\u2019\u00e9change de [&hellip;]<\/p>\n","protected":false},"author":2,"featured_media":0,"parent":12,"menu_order":0,"comment_status":"closed","ping_status":"closed","template":"","meta":{"footnotes":""},"class_list":["post-41","page","type-page","status-publish","hentry"],"acf":[],"_links":{"self":[{"href":"https:\/\/letalent.be\/index.php\/wp-json\/wp\/v2\/pages\/41","targetHints":{"allow":["GET"]}}],"collection":[{"href":"https:\/\/letalent.be\/index.php\/wp-json\/wp\/v2\/pages"}],"about":[{"href":"https:\/\/letalent.be\/index.php\/wp-json\/wp\/v2\/types\/page"}],"author":[{"embeddable":true,"href":"https:\/\/letalent.be\/index.php\/wp-json\/wp\/v2\/users\/2"}],"replies":[{"embeddable":true,"href":"https:\/\/letalent.be\/index.php\/wp-json\/wp\/v2\/comments?post=41"}],"version-history":[{"count":1,"href":"https:\/\/letalent.be\/index.php\/wp-json\/wp\/v2\/pages\/41\/revisions"}],"predecessor-version":[{"id":42,"href":"https:\/\/letalent.be\/index.php\/wp-json\/wp\/v2\/pages\/41\/revisions\/42"}],"up":[{"embeddable":true,"href":"https:\/\/letalent.be\/index.php\/wp-json\/wp\/v2\/pages\/12"}],"wp:attachment":[{"href":"https:\/\/letalent.be\/index.php\/wp-json\/wp\/v2\/media?parent=41"}],"curies":[{"name":"wp","href":"https:\/\/api.w.org\/{rel}","templated":true}]}}